ors of u?
2, 5
Suppose 4*o - a = 78, -82 = -0*o - 4*o + 3*a. What are the prime factors of o?
19
Let s(n) = n**3 + 6*n**2 - 13*n - 9. Let q be s(-8). Let g = -13 - q. List the prime factors of g.
2, 5
Let i = 30 - 21. Suppose 0 = -4*x - 4*f + 44, -x + 5*f - i - 10 = 0. List the prime factors of x.
2, 3
Suppose -2*r = -7*r + 210. Suppose 3*q + k - r = -3*k, 3*k = -9. List the prime factors of q.
2, 3
Suppose -3*v = -3*h + 19 - 199, 5*v = 2*h + 291. What are the prime factors of v?
3, 19
Suppose -g - 5*p = -47, 2*p = 1 + 3. What are the prime factors of g?
37
Suppose 0 = -a - 4*o + 28, -5*a - 5*o + 44 = -3*a. What are the prime factors of a?
2, 3
Suppose -51 = -2*u + 25. List the prime factors of u.
2, 19
Let o(w) = -w - 1. Let j(t) = 6*t + 5. Let u(h) = j(h) + 3*o(h). Suppose -5*s + 3 = -5*c + 13, 4*c - s - 17 = 0. What are the prime factors of u(c)?
17
Suppose -i = -0 - 3. Suppose j = 5, -2*a + 4*j - 7 = i. Let y = 11 + a. What are the prime factors of y?
2
Let u = 126 - 51. What are the prime factors of u?
3, 5
Suppose -h = 3*c - 0*c - 118, 0 = 3*h + 15. Let f = c + -21. List the prime factors of f.
2, 5
Suppose -2*u + 39 = u. List the prime factors of u.
13
Let z(b) = b**3 + b**2. Let k be z(-1). Suppose -4*q + 15 - 3 = k. Suppose q*v + 15 = 0, -2*v - 36 = -n + 3*v. List the prime factors of n.
11
Let m = 20 - 14. Let y be 8/(-3)*m/(-4). Suppose -a - 2*n = -4, -n + 0 + y = a. What are the prime factors of a?
2
Let c = -22 + 32. Suppose c*f + 5*g = 5*f + 10, -10 = -2*f + 4*g. List the prime factors of f.
3
Suppose 5*i = -0*i - 5. Let r = -15 + 27. List the prime factors of (-1 - (i + 1)) + r.
11
Suppose 0 = d + 5*x - 1, -9 - 2 = -2*d - x. Suppose b + 13 = -5*n, n - 1 = -d. List the prime factors of b.
2, 3
Suppose 0*j - j + 3*s = -176, -4*j = -s - 682. List the prime factors of j.
2, 5, 17
Suppose -15 = 3*y - 8*y. Suppose -r + 3*m = -14, 79 = 5*r + y*m + 9. What are the prime factors of r?
2, 7
Let p(s) = s - 3. Let r be p(7). Let c(m) = -2*m - 7. Let t be c(-5). Suppose r*n - 45 = -2*g - g, -64 = -5*g - t*n. What are the prime factors of g?
11
Suppose 2*j + 2*o + 8 = -2*o, 2*j - 8 = 4*o. Let u = -69 + 77. Suppose 2*i - 16 - u = j. List the prime factors of i.
2, 3
Suppose b - 4*b - 5 = 2*w, -b - 2*w = 3. Let f = 25 - b. Let r = f + -14. List the prime factors of r.
2, 3
Let w(g) be the third derivative of g**6/120 + 11*g**5/60 + 5*g**4/12 + 7*g**3/3 + 5*g**2. List the prime factors of w(-10).
2, 7
Suppose 0*l + 4*l - 16 = 2*u, u - 12 = -2*l. Suppose 5*z + 50 = -u*i, 4*z + 80 = -4*i - z. Let k = i + 24. What are the prime factors of k?
3
Suppose 20 = -2*r - 3*r. Let u = r + 8. Suppose 2*x - u*x = -26. What are the prime factors of x?
13
Suppose 0*r = 2*r + 3*q + 732, -r - 384 = -3*q. List the prime factors of r/(-28) - (-4)/(-14).
13
Let x be (-1*4)/(5 - 6). Let w = 9 - x. Let s(p) = p**2 - 5*p + 3. What are the prime factors of s(w)?
3
Let x = -6 - -14. Suppose -56 = -3*d + r, -4*d - r - 76 = -x*d. What are the prime factors of d?
2, 5
Let s be ((-1)/2 + 2)*2. Suppose 0 = 5*a - 10, 0 = -3*p + 5*a - 1 + s. What are the prime factors of p?
2
What are the prime factors of (-3 - -2)/(1/(-14))?
2, 7
Let x be (2/(-4))/((-6)/(-84)). Let o be 0 - x - (5 - 3). Let j = o + -3. List the prime factors of j.
2
Suppose 2*w + 3*w = -40. What are the prime factors of -1*(w - (-2 - -2))?
2
Let h(v) = -13*v - 2. Let d be h(-4). Suppose 5 = s + 4*w - 5, 4*w - d = -5*s. List the prime factors of s.
2, 5
Let k(a) = a + 5. Let r be k(-4). What are the prime factors of (-4)/4 - (r + -14)?
2, 3
Let b = -1 - -8. Suppose -b = s - 22. List the prime factors of s.
3, 5
Let q(w) = -w + 8. Let o be q(0). Suppose -s + 0 + o = 0. What are the prime factors of s?
2
Let l = 2 - -89. What are the prime factors of l?
7, 13
Suppose 2 + 4 = x. List the prime factors of (2 - 45/x)*-2.
11
Suppose -2*s + 16 + 4 = 0. Suppose l = -3*i + 69, -5*i - 115 = -s*i + 2*l. List the prime factors of i.
23
Let b = 54 - 30. List the prime factors of b.
2, 3
Let t be (-1 - 1)/(2/(-4)). Suppose -t*n + 15 = -25. List the prime factors of n.
2, 5
Let a = -11 + 15. Suppose 0 = -5*p + 4 - 24, 0 = -a*f - 3*p + 28. What are the prime factors of f?
2, 5
Let u = 74 + -43. List the prime factors of u.
31
Let z be 213/12 + (-2)/(-8). Suppose -z - 17 = -5*c. List the prime factors of c.
7
Let t(k) = k**2 + 2*k - 3. Let r be t(2). Suppose -5*n = 5*i - 4*i - 31, -4*i - r*n + 64 = 0. List the prime factors of i.
11
Suppose -5*i - 140 = -2*q + 71, 3*i - 481 = -5*q. What are the prime factors of q?
2, 7
Let z = -22 + 35. What are the prime factors of z?
13
Let s = -71 - -116. What are the prime factors of s?
3, 5
What are the prime factors of (-4)/(((-9)/(-804))/((-36)/32))?
2, 3, 67
Suppose 0 = 5*i + 217 - 42. List the prime factors of 10/i + 116/14.
2
Let v = 116 - 97. What are the prime factors of v?
19
Let i be (-36)/(-10) + (-21)/35. Let u(v) = 4*v**2 + 8*v. Let x(h) = h**2 + h. Let q(j) = -u(j) + 6*x(j). List the prime factors of q(i).
2, 3
Let u(o) = -3*o + 3. Let j be u(-9). Suppose 2*f - j = -3*f. What are the prime factors of f?
2, 3
Let h(b) = -3 + 8 + b + 0. List the prime factors of h(0).
5
Suppose -15 - 3 = -2*o. Let f(a) = o + 5*a**2 - 2*a + a - a**3 - 2. List the prime factors of f(5).
2
Let d(p) = 4*p**3 - p**2 + 1. Let b = 1 - -3. Suppose -8 = -2*w - 3*j, w - b*j = 2*w - 9. List the prime factors of d(w).
2
Let c(d) = d - 8. Let z be c(7). Let l be (2 + z - -1)*10. Suppose -b - l = -6*b. What are the prime factors of b?
2
Suppose 4*p - p = -w + 1, w - 2*p = 11. List the prime factors of w.
7
Let s = -65 + 105. List the prime factors of s.
2, 5
Suppose -5*u = 2*n - 6 + 20, -2*u = 5*n + 14. Let s(d) = 2*d**2 - 2*d - 3. List the prime factors of s(u).
3
Suppose -6 = 2*a + 8. Let z = 11 + a. Suppose 0 = -c + 2*o + 13, 3*c - o = 25 + z. List the prime factors of c.
3
Let m(x) = -x**3 - 7*x**2 + 3*x + 10. Let i be m(-7). Let u = i + 22. What are the prime factors of u?
11
Let n(t) = 11*t**3 + t**2 - t. Let z = 2 + -12. Let y be (-12)/(-15) - 2/z. What are the prime factors of n(y)?
11
Let k be -12*((-25)/4)/5. Suppose 3*c + k = -2*c. What are the prime factors of c/2 - 82/(-4)?
19
Suppose v - 90 = -4*v. Let g = 0 - v. Let j = g - -27. List the prime factors of j.
3
Suppose 5*g = -2*v + 29, 7*v = 2*v + 5*g + 20. What are the prime factors of v?
7
What are the prime factors of (-1365)/(-14)*(-4)/(-6)?
5, 13
Let h be -4 + (2 - 1) + 17. Suppose 12*d = h*d - 46. List the prime factors of d.
23
Let q(o) = -o**2 + 10*o - 6. Let b be q(9). Let k be 35/b + (-2)/(-6). List the prime factors of 3 + k/(-2) - -17.
2, 7
Let h = 612 - 329. List the prime factors of h.
283
Let c = -4 - -8. Suppose l + 24 = c*t, -2*l + 12 = -5*l. List the prime factors of t.
5
Suppose 0*j = -j + 12. What are the prime factors of (-4)/(j/(-57)) - 2?
17
What are the prime factors of (2/4)/(-1 + (-860)/(-856))?
107
Suppose -47 - 1 = -2*w. List the prime factors of w.
2, 3
Suppose a + 9*a = 2190. What are the prime factors of a?
3, 73
Let z = 5 - 0. Suppose p - 6*p - 2*v + 103 = 0, z*v - 16 = -p. What are the prime factors of p?
3, 7
Suppose 4*f = 5*f - 40. List the prime factors of f.
2, 5
Suppose 0 = -5*u + 118 + 127. Let k = -115 + u. List the prime factors of ((-1)/(-3))/((-2)/k).
11
Let k(z) = 7*z**2 - 8*z + 7. Let g be k(6). Suppose 4*v = 5*m + 2 - 208, v - g = -5*m. Suppose 4*t - 42 = m. What are the prime factors of t?
3, 7
Suppose 47 = 4*p - 5*l, 8*l = 3*l - 15. Suppose -3*i + p*i - 2*j - 33 = 0, -3*i - 1 = 4*j. List the prime factors of i.
5
Let u(m) = m**2 - 8*m + 12. Suppose -5*t + 32 = -t. What are the prime factors of u(t)?
2, 3
Let c be (-2 - (-2 + 1))*26. Let n = 12 - c. List the prime factors of n.
2, 19
Let c(u) = -5*u - 6. List the prime factors of c(-4).
2, 7
Let d be (-2)/(-3) - 10/(-3). Let a(p) = p**2 + p - 11. Let q(t) = t**2 - 10. Let f(m) = 6*a(m) - 7*q(m). List the prime factors of f(d).
2, 3
Suppose -5*l + 23 = 3*f - 5, -l + f = -4. Let t(x) = 0 - 1 + l*x + 7*x. What are the prime factors of t(1)?
11
Suppose w = -2*w + 93. List the prime factors of w.
31
Let h(t) = t + 2. Suppose 2*f + 2*f - 8 = 0. Let o be h(f). Suppose 0*g + g - 2*y - 5 = 0, 0 = -4*g + o*y + 20. List the prime factors of g.
5
Let z(p) b